8 + -2296a9?
-229681
In base 11, what is 2148559 + 20?
2148579
In base 8, what is -10733534 - 2?
-10733536
In base 10, what is -227 - 278?
-505
In base 12, what is 184a81981 + 4?
184a81985
In base 5, what is 3301 + -33104113?
-33100312
In base 7, what is 3103302632 - -5?
3103302640
In base 4, what is -1110223220 - -11332?
-1110211222
In base 6, what is -1330 - -15110511?
15105141
In base 6, what is 5 + 333454443?
333454452
In base 7, what is -6025221 + 1?
-6025220
In base 7, what is 111562 - 202?
111360
In base 11, what is -20 - -427988?
427968
In base 16, what is -133c + 10b0a?
f7ce
In base 5, what is -1224133 + -414?
-1230102
In base 12, what is 178 + 3071?
3229
In base 16, what is 7ef96 + 4?
7ef9a
In base 14, what is 1c6 + 8165a?
81842
In base 3, what is -12121002200020010121 + -10?
-12121002200020010201
In base 15, what is -14d - -e7b1?
e663
In base 16, what is -d8 + 2f4?
21c
In base 4, what is -1122001302 - 110?
-1122002012
In base 14, what is 3779745b - 0?
3779745b
In base 3, what is -21 - 2211212120020121?
-2211212120020212
In base 3, what is 1012021 - 221110010011?
-221101220220
In base 15, what is -3d - 384003?
-384041
In base 4, what is -113 - -11313020003?
11313013230
In base 4, what is 3323 + 100332?
110321
In base 2, what is -1011010101101 + 1000100000001?
-10110101100
In base 12, what is 3aa3 + 279?
4160
In base 3, what is 1 + 1000011102102122?
1000011102102200
In base 11, what is -6 + 10585a7?
10585a1
In base 3, what is -222012120000000101 + 12?
-222012120000000012
In base 8, what is 15625 - 203?
15422
In base 4, what is 2023 + 2021202212?
2021210301
In base 7, what is -1525634512 + -2?
-1525634514
In base 13, what is 4c78b - -8b?
4c849
In base 16, what is -3 + -57cfd5?
-57cfd8
In base 16, what is 0 - e8959?
-e8959
In base 16, what is 3e56 + 171?
3fc7
In base 4, what is -21203212 - -3020321?
-12122231
In base 13, what is 4ca2559 + 0?
4ca2559
In base 14, what is d1317 - -3?
d131a
In base 8, what is 651 + 1063367?
1064240
In base 15, what is -11c12 + 42?
-11bc0
In base 11, what is -25 + 1240aa?
124085
In base 14, what is 2b77793 - -58?
2b7780b
In base 11, what is 7a + 90710?
9078a
In base 8, what is 237540 + 33?
237573
In base 13, what is 64 - -5c15?
5c79
In base 16, what is 972c07 - -4?
972c0b
In base 5, what is 4340 + 1122311?
1132201
In base 13, what is -a421 + 795c?
-2792
In base 3, what is -1111222221212 - -10212?
-1111222211000
In base 8, what is 2331246725 + 0?
2331246725
In base 13, what is -9 - 14b5179?
-14b5185
In base 4, what is 1121202002120110 - -3?
1121202002120113
In base 14, what is 77006ba - 3?
77006b7
In base 15, what is 568692bc + 3?
568692c0
In base 9, what is -2306415 - 14?
-2306430
In base 2, what is -1011100001101110001101011101 + -101?
-1011100001101110001101100010
In base 10, what is 5 - -49987801?
49987806
In base 10, what is 497 + -386757?
-386260
In base 13, what is 2 + -158a80?
-158a7b
In base 10, what is -167153676 - -4?
-167153672
In base 13, what is 8191 + -1256?
6c38
In base 10, what is 17457 + -14405?
3052
In base 13, what is -19 + -41cbb0?
-41cbc9
In base 4, what is -32 + 1023102100233?
1023102100201
In base 14, what is -694 + -2494?
-2b48
In base 5, what is -241330340 + -32?
-241330422
In base 4, what is -231 + 10011312320?
10011312023
In base 8, what is 116132 + -560?
115352
In base 12, what is -10 - -a13887?
a13877
In base 7, what is 0 - 105255?
-105255
In base 6, what is 1404 - -20503?
22311
In base 3, what is -20 + 1210000000202020?
1210000000202000
In base 10, what is -12612 + -2134?
-14746
In base 10, what is -6083440 - -3?
-6083437
In base 13, what is -4 + -6848289?
-6848290
In base 9, what is -153864 - -410?
-153454
In base 2, what is 11001011 - -1000000001011000?
1000000100100011
In base 8, what is 260 + 4064?
4344
In base 10, what is -23586 + -491?
-24077
In base 3, what is -11011221 + 12012000?
1000002
In base 6, what is 2 + 4522231?
4522233
In base 12, what is 3a90 + -15776?
-118a6
In base 8, what is 1712 - 412067?
-410155
In base 15, what is -5133 - -1690?
-3993
In base 4, what is -20312230032 + -10?
-20312230102
In base 3, what is -1011 - 100011202202112?
-100011202210200
In base 4, what is -310 - -112002313?
112002003
In base 8, what is -4 - 17574404?
-17574410
In base 4, what is 1201022201 + 10?
1201022211
In base 16, what is -c + -3e098?
-3e0a4
In base 12, what is 69 + -110bb5a?
-110bab1
In base 9, what is -684311 - -258?
-684042
In base 3, what is 10011010222102 - -110?
10011010222212
In base 16, what is -36616 - -2a5?
-36371
In base 6, what is 0 + 221541303?
221541303
In base 9, what is -231 - -27235?
27004
In base 8, what is -2052263705 + 5?
-2052263700
In base 16, what is 9c1 - -739?
10fa
In base 15, what is 8c94 - d0?
8bb4
In base 3, what is -100 + -1100020110201000?
-1100020110201100
In base 8, what is -4676 - -173624?
166726
In base 13, what is 11380a2c8 - -4?
11380a2cc
In base 5, what is -204242 - 12342?
-222134
In base 6, what is -104224 - -33110?
-31114
In base 14, what is -992b5 + -b95?
-9a06a
In base 4, what is 1023231 - -1202311?
2232202
In base 16, what is 10e5f - -19b?
10ffa
In base 13, what is -58c + 2c96?
2707
In base 2, what is 111011 - 1111000111000101100010?
-1111000111000100100111
In base 12, what is 109710a - -52?
1097160
In base 12, what is -2 - 44a534b?
-44a5351
In base 2, what is -1001011111101001101 + 1110100?
-1001011111011011001
In base 4, what is 2 - 31103023132001?
-31103023131333
In base 3, what is 12 + -122020102211112?
-122020102211100
In base 8, what is 57 - -501130?
501207
In base 3, what is 101220001 + 101011022?
210001100
In base 6, what is 10324343 - 100?
10324243
In base 6, what is -24204315 + -213?
-24204532
In base 11, what is 2a - 8a844?
-8a815
In base 8, what is 1545406 + -313?
1545073
In base 13, what is 55 + -1084682?
-108462a
In base 3, what is -111002002 + -202010?
-111211012
In base 11, what is -1674704 - -1?
-1674703
In base 10, what is 4 + 3909808?
3909812
In base 15, what is 2ca + -100?
1ca
In base 15, what is -765 + -263b9?
-26b2e
In base 16, what is -3 - 17340de?
-17340e1
In base 15, what is -167 + 9e5?
87d
In base 4, what is 1120222 + 10011331?
11132213
In base 4, what is 3 - 111011331012?
-111011331003
In base 8, what is 5 + -11764245?
-11764240
In base 3, what is 1110100210 + -1020?
1110022120
In base 11, what is 80579 + -954?
7a725
In base 16, what is 0 - -590780?
590780
In base 9, what is 626556 - -72?
626638
In base 9, what is 12 - -12076628?
12076641
In base 6, what is 10554 - 1145134?
-1134140
In base 14, what is 2 - a44c7b?
-a44c79
In base 12, what is a08 - 873b?
-7933
In base 9, what is -1 - -3227721?
3227720
In base 11, what is -4 + -2392647?
-2392650
In base 4, what is -123221022 + 32023?
-123122333
In base 9, what is -2 - -34606707?
34606705
In base 13, what is 3 - 13682bb8?
-13682bb5
In base 16, what is 32f42f5 - -1?
32f42f6
In base 14, what is 2222281 + -5?
222227a
In base 4, what is -10030 + 1301121102?
1301111012
In base 6, what is 2010421 + 1134?
2011555
In base 10, what is 3 + 37426071?
37426074
In base 6, what is -1344034 + -11?
-1344045
In base 2, what is -100100 - -1000100010110000101?
1000100010101100001
In base 13, what is -7396020 - -9?
-7396014
In base 7, what is 552040416 - -3?
552040422
In base 8, what is 66046 + -237?
65607
In base 9, what is -6 + -27335050?
-27335056
In base 10, what is 24 - -1095752?
1095776
In base 9, what is 805 - 10225?
-8320
In base 13, what is -8 - 2a8057?
-2a8062
In base 7, what is -5320543 + -1?
-5320544
In base 8, what is 1640772 - -5?
1640777
In base 13, what is -172b + -59a2?
-7400
In base 12, what is 117 - -8a?
1a5
In base 13, what is -9 - -2a46984?
2a46978
In base 10, what is -33 + -847769?
-847802
In base 4, what is 31 + -1003301002?
-1003300311
In base 12, what is 2970456 - -20?
2970476
In base 14, what is 20666c + 11?
20667d
In base 5, what is 44134402112 - 2?
44134402110
In base 5, what is -13010434 - 224?
-13011213
In base 2, what is 101011110001111 - -100111100011?
110000101110010
In base 7, what is 5651 - 14365?
-5414
In base 10, what is 24 - 681938?
-681914
In base 5, what is -34341134 + 10?
-34341124
In base 11, what is 137 + -55292a?
-5527a3
In base 12, what is 2 + -57b5a74?
-57b5a72
In base 15, what is -9 + -19505a6?
-19505b0
In base 12, what is 5 - 18